Calculate the remainder when 152 is divided by 75.
2
Calculate the remainder when 133 is divided by 54.
25
Calculate the remainder when 627 is divided by 17.
15
What is the remainder when 85 is divided by 2?
1
Calculate the remainder when 707 is divided by 105.
77
Calculate the remainder when 310 is divided by 91.
37
Calculate the remainder when 37 is divided by 10.
7
Calculate the remainder when 1591 is divided by 47.
40
Calculate the remainder when 10229 is divided by 33.
32
What is the remainder when 293 is divided by 25?
18
What is the remainder when 6129 is divided by 361?
353
Calculate the remainder when 203 is divided by 68.
67
Calculate the remainder when 289 is divided by 47.
7
Calculate the remainder when 156 is divided by 75.
6
What is the remainder when 97 is divided by 33?
31
Calculate the remainder when 202 is divided by 71.
60
What is the remainder when 4499 is divided by 17?
11
What is the remainder when 69 is divided by 8?
5
Calculate the remainder when 28 is divided by 3.
1
What is the remainder when 2075 is divided by 32?
27
Calculate the remainder when 83 is divided by 13.
5
What is the remainder when 288 is divided by 98?
92
What is the remainder when 23 is divided by 3?
2
Calculate the remainder when 162 is divided by 55.
52
Calculate the remainder when 527 is divided by 11.
10
Calculate the remainder when 254 is divided by 51.
50
What is the remainder when 68 is divided by 43?
25
Calculate the remainder when 1256 is divided by 43.
9
What is the remainder when 29 is divided by 12?
5
Calculate the remainder when 620 is divided by 148.
28
What is the remainder when 119 is divided by 16?
7
Calculate the remainder when 17406 is divided by 68.
66
What is the remainder when 355 is divided by 116?
7
Calculate the remainder when 103 is divided by 9.
4
What is the remainder when 367 is divided by 95?
82
Calculate the remainder when 279 is divided by 135.
9
Calculate the remainder when 410 is divided by 61.
44
Calculate the remainder when 3385 is divided by 64.
57
What is the remainder when 725 is divided by 89?
13
Calculate the remainder when 211 is divided by 27.
22
What is the remainder when 992 is divided by 99?
2
Calculate the remainder when 2255 is divided by 5.
0
Calculate the remainder when 83 is divided by 11.
6
Calculate the remainder when 5 is divided by 4.
1
What is the remainder when 641 is divided by 16?
1
Calculate the remainder when 796 is divided by 50.
46
Calculate the remainder when 155 is divided by 27.
20
Calculate the remainder when 406 is divided by 53.
35
Calculate the remainder when 69 is divided by 43.
26
Calculate the remainder when 2797 is divided by 112.
109
What is the remainder when 92 is divided by 31?
30
Calculate the remainder when 1109 is divided by 15.
14
Calculate the remainder when 350 is divided by 21.
14
What is the remainder when 792 is divided by 269?
254
What is the remainder when 20694 is divided by 50?
44
Calculate the remainder when 91 is divided by 6.
1
What is the remainder when 292 is divided by 37?
33
What is the remainder when 122 is divided by 55?
12
What is the remainder when 1509 is divided by 18?
15
Calculate the remainder when 4618 is divided by 20.
18
Calculate the remainder when 866 is divided by 286.
8
What is the remainder when 822 is divided by 103?
101
Calculate the remainder when 299 is divided by 56.
19
Calculate the remainder when 897 is divided by 10.
7
What is the remainder when 28124 is divided by 225?
224
Calculate the remainder when 554 is divided by 183.
5
Calculate the remainder when 49 is divided by 5.
4
What is the remainder when 103 is divided by 7?
5
Calculate the remainder when 1225 is divided by 118.
45
What is the remainder when 82 is divided by 17?
14
Calculate the remainder when 1246 is divided by 96.
94
What is the remainder when 18529 is divided by 41?
38
What is the remainder when 4517 is divided by 902?
7
What is the remainder when 169 is divided by 32?
9
What is the remainder when 535 is divided by 66?
7
Calculate the remainder when 461 is divided by 118.
107
Calculate the remainder when 312 is divided by 45.
42
Calculate the remainder when 5438 is divided by 136.
134
What is the remainder when 693 is divided by 8?
5
Calculate the remainder when 21 is divided by 15.
6
Calculate the remainder when 30 is divided by 5.
0
What is the remainder when 29441 is divided by 13?
9
Calculate the remainder when 367 is divided by 46.
45
What is the remainder when 122 is divided by 31?
29
Calculate the remainder when 48 is divided by 17.
14
Calculate the remainder when 3211 is divided by 63.
61
Calculate the remainder when 4923 is divided by 12.
3
What is the remainder when 12959 is divided by 36?
35
Calculate the remainder when 53637 is divided by 15.
12
Calculate the remainder when 321 is divided by 3.
0
What is the remainder when 2019 is divided by 503?
7
What is the remainder when 3673 is divided by 75?
73
What is the remainder when 25 is divided by 24?
1
Calculate the remainder when 382 is divided by 43.
38
What is the remainder when 1773 is divided by 589?
6
What is the remainder when 5336 is divided by 24?
8
What is the remainder when 1528 is divided by 221?
202
Calculate the remainder when 180 is divided by 20.
0
Calculate the remainder when 2706 is divided by 1329.
48
Calculate the remainder when 1907 is divided by 12.
11
What is the remainder when 102 is divided by 60?
42
Calculate the remainder when 374 is divided by 64.
54
Calculate the remainder when 273 is divided by 56.
49
What is the remainder when 5417 is divided by 13?
9
What is the remainder when 2346 is divided by 579?
30
What is the remainder when 446 is divided by 16?
14
What is the remainder when 272 is divided by 8?
0
What is the remainder when 719 is divided by 45?
44
What is the remainder when 222 is divided by 123?
99
Calculate the remainder when 370 is divided by 93.
91
What is the remainder when 1282 is divided by 38?
28
What is the remainder when 28975 is divided by 16?
15
Calculate the remainder when 1939 is divided by 280.
259
Calculate the remainder when 256 is divided by 37.
34
Calculate the remainder when 155 is divided by 55.
45
What is the remainder when 6788 is divided by 94?
20
Calculate the remainder when 11582 is divided by 9.
8
What is the remainder when 711 is divided by 234?
9
What is the remainder when 357 is divided by 16?
5
Calculate the remainder when 25 is divided by 11.
3
Calculate the remainder when 843 is divided by 4.
3
Calculate the remainder when 304 is divided by 63.
52
Calculate the remainder when 346 is divided by 9.
4
Calculate the remainder when 774 is divided by 5.
4
Calculate the remainder when 66 is divided by 19.
9
What is the remainder when 400 is divided by 72?
40
What is the remainder when 1501 is divided by 167?
165
What is the remainder when 19798 is divided by 132?
130
What is the remainder when 1729 is divided by 108?
1
Calculate the remainder when 1167 is divided by 45.
42
What is the remainder when 2169 is divided by 218?
207
Calculate the remainder when 347 is divided by 35.
32
Calculate the remainder when 351 is divided by 72.
63
What is the remainder when 172 is divided by 52?
16
Calculate the remainder when 866 is divided by 88.
74
Calculate the remainder when 389 is divided by 379.
10
Calculate the remainder when 91 is divided by 20.
11
What is the remainder when 67 is divided by 20?
7
What is the remainder when 710 is divided by 23?
20
What is the remainder when 207 is divided by 79?
49
Calculate the remainder when 176 is divided by 3.
2
What is the remainder when 2843 is divided by 114?
107
What is the remainder when 247 is divided by 71?
34
What is the remainder when 123 is divided by 32?
27
Calculate the remainder when 139 is divided by 47.
45
What is the remainder when 746 is divided by 244?
14
Calculate the remainder when 32 is divided by 18.
14
What is the remainder when 24 is divided by 9?
6
Calculate the remainder when 550 is divided by 29.
28
Calculate the remainder when 202 is divided by 51.
49
What is the remainder when 670 is divided by 133?
5
Calculate the remainder when 1810 is divided by 303.
295
What is the remainder when 231 is divided by 49?
35
What is the remainder when 45 is divided by 26?
19
What is the remai